4) in base 12?
22986
What is 32 (base 15) in base 14?
35
Convert 345 (base 6) to base 14.
9b
-592 (base 11) to base 9
-864
Convert -100122120 (base 3) to base 15.
-2140
-21101001 (base 4) to base 2
-1001010001000001
What is -231 (base 5) in base 13?
-51
What is -1221 (base 6) in base 9?
-364
What is 21031123 (base 4) in base 7?
214660
Convert -2b77 (base 14) to base 9.
-11560
-14747 (base 13) to base 15
-b67b
What is -675a (base 11) in base 4?
-2023002
What is -10010001011100 (base 2) in base 6?
-111032
bfd (base 16) to base 12
1939
36d (base 15) to base 10
778
Convert 6a4 (base 15) to base 7.
4246
Convert -29881 (base 11) to base 12.
-205a6
What is -24433 (base 5) in base 2?
-11101001100
Convert -3837 (base 12) to base 9.
-8667
-8bc6 (base 16) to base 12
-1885a
What is -137 (base 16) in base 6?
-1235
Convert 11224 (base 5) to base 8.
1456
Convert -2a9 (base 13) to base 14.
-261
1105540 (base 6) to base 8
154644
11211 (base 3) to base 14
94
-322 (base 8) to base 6
-550
Convert 930 (base 10) to base 8.
1642
What is 88 (base 11) in base 7?
165
25500 (base 6) to base 10
3852
What is 1a70 (base 11) in base 7?
10430
What is -2212122111 (base 3) in base 2?
-1101110100011101
60357 (base 9) to base 12
1ab51
4460 (base 11) to base 16
16f2
What is 13732 (base 8) in base 9?
8334
What is 20a9 (base 14) in base 9?
7653
-6477 (base 11) to base 13
-3b80
Convert -1112 (base 11) to base 6.
-10441
-1a77 (base 11) to base 8
-5101
Convert -4002 (base 5) to base 13.
-2c8
5121 (base 8) to base 11
1a91
-b8 (base 14) to base 11
-138
1201221100 (base 3) to base 8
102652
Convert 12b0 (base 14) to base 4.
303122
5817 (base 15) to base 12
a9a1
-e1 (base 16) to base 6
-1013
-32124 (base 6) to base 16
-1114
What is 485 (base 12) in base 7?
1655
3120 (base 6) to base 5
10241
What is 354003 (base 6) in base 8?
73723
Convert -111010 (base 4) to base 8.
-2504
Convert 21102 (base 4) to base 14.
306
-210212110 (base 3) to base 4
-3321012
Convert 1101110001010111 (base 2) to base 14.
167b1
21213222 (base 4) to base 10
39402
Convert 126d (base 16) to base 9.
6421
Convert -4c (base 13) to base 3.
-2101
Convert 11000110 (base 2) to base 3.
21100
What is 26 (base 15) in base 4?
210
What is -20111 (base 3) in base 11?
-14a
Convert -10110111000111 (base 2) to base 5.
-333334
-10021 (base 4) to base 6
-1121
33233 (base 5) to base 7
6521
What is -15a9 (base 11) in base 15?
-920
Convert -1001100011010100 (base 2) to base 8.
-114324
Convert -1101 (base 4) to base 3.
-10000
What is -11012201110 (base 3) in base 4?
-110033112
What is -10147 (base 9) in base 13?
-3073
What is -3311323 (base 4) in base 16?
-3d7b
1002200222 (base 3) to base 16
5495
5282 (base 13) to base 8
26245
-22a (base 13) to base 10
-374
-30930 (base 10) to base 7
-156114
Convert 100101010110 (base 2) to base 5.
34030
Convert -2221220101 (base 3) to base 5.
-3330444
-20304 (base 9) to base 6
-141521
What is -1234 (base 5) in base 12?
-142
What is -231 (base 6) in base 15?
-61
What is 1111111100 (base 2) in base 15?
480
What is 10011 (base 5) in base 12?
447
What is 10023 (base 4) in base 7?
531
Convert -23540 (base 10) to base 16.
-5bf4
Convert 150 (base 7) to base 15.
59
-6752 (base 8) to base 4
-313222
14534 (base 16) to base 6
1441232
Convert 1916 (base 10) to base 14.
9ac
What is -2122 (base 4) in base 11?
-130
-15141 (base 6) to base 14
-c61
What is -305 (base 15) in base 5?
-10210
What is 3344 (base 7) in base 2?
10010111000
-16ab (base 12) to base 5
-41343
Convert -1347 (base 16) to base 4.
-1031013
What is 2122 (base 5) in base 6?
1155
Convert -541 (base 9) to base 4.
-12322
What is 3330 (base 7) in base 5?
14242
Convert 2164 (base 7) to base 4.
30031
What is -8857 (base 11) in base 14?
-4382
2430 (base 10) to base 3
10100000
Convert 98 (base 10) to base 9.
118
What is -15ba (base 16) in base 10?
-5562
What is 347 (base 12) in base 6?
2131
92 (base 13) to base 11
a9
What is -103013 (base 4) in base 8?
-2307
What is -110111001110101 (base 2) in base 10?
-28277
11669 (base 13) to base 5
2004414
What is 1213 (base 13) in base 15?
b51
Convert 166 (base 10) to base 4.
2212
Convert -63 (base 12) to base 10.
-75
Convert 35146 (base 7) to base 9.
13311
11110100001110 (base 2) to base 7
63366
Convert -2554 (base 10) to base 15.
-b54
What is 1432322 (base 5) in base 14?
b0ad
10031 (base 6) to base 3
1210201
What is -32 (base 7) in base 10?
-23
Convert 23231 (base 4) to base 13.
458
9729 (base 10) to base 2
10011000000001
Convert 8cd (base 16) to base 5.
33003
Convert 3523 (base 9) to base 11.
1a66
-2650 (base 13) to base 11
-4126
Convert -143 (base 10) to base 14.
-a3
What is 2ab (base 14) in base 10?
543
Convert 1545 (base 9) to base 8.
2227
Convert -100100101110011 (base 2) to base 12.
-aa6b
30604 (base 10) to base 3
1112222111
Convert -1032222 (base 4) to base 14.
-1b98
What is -211312 (base 4) in base 5?
-34142
What is 12022002 (base 3) in base 10?
3863
Convert -514 (base 8) to base 6.
-1312
698 (base 10) to base 9
855
Convert -12122012 (base 3) to base 7.
-14660
What is 100101001111 (base 2) in base 8?
4517
Convert -295 (base 16) to base 9.
-814
-1011101011100 (base 2) to base 12
-3564
What is -120300 (base 4) in base 12?
-b00
Convert 36a (base 15) to base 2.
1100000111
1264 (base 7) to base 9
601
Convert -19383 (base 12) to base 2.
-1000111111010011
What is 213021 (base 5) in base 10?
7261
-199 (base 13) to base 10
-295
Convert 954 (base 10) to base 12.
676
11022 (base 4) to base 5
2310
Convert 2886 (base 14) to base 2.
1110000000110
What is -481 (base 10) in base 14?
-265
352 (base 7) to base 14
d2
Convert -21a4b (base 14) to base 9.
-133840
What is -10211000201 (base 3) in base 15?
-173c1
What is -222 (base 11) in base 10?
-266
What is 132 (base 4) in base 8?
36
-1001010 (base 2) to base 14
-54
-120a3 (base 12) to base 11
-172a5
Convert 136 (base 10) to base 16.
88
What is 307 (base 16) in base 2?
1100000111
What is -2b0a (base 14) in base 15?
-2404
-77304 (base 9) to base 6
-1033221
Convert 1a66b (base 13) to base 16.
c9b2
Convert edd (base 15) to base 10.
3358
What is -2354 (base 6) in base 13?
-352
645 (base 8) to base 3
120121
What is 230 (base 8) in base 15?
a2
What is -5b27 (base 12) in base 4?
-2200033
Convert 14156 (base 7) to base 2.
111100010111
-321301 (base 6) to base 13
-bc3b
-10211211001 (base 3) to base 6
-1342214
What is 23344 (base 5) in base 9?
2325
Convert 1002201022 (base 3) to base 12.
10652
What is 11302 (base 4) in base 12?
26a
133b (base 12) to base 9
3022
271 (base 9) to base 7
442
What is -13 (base 15) in base 6?
-30
What is 353 (base 12) in base 4?
13233
Convert -c7 (base 15) to base 4.
-2323
-2711 (base 13) to base 4
-1113113
Convert -704 (base 11) to base 10.
-851
-1412 (base 14) to base 13
-17c8
What is a546 (base 12) in base 15?
5539
4831 (base 10) to base 9
6557
8c1 (base 14) to base 3
2101100
Convert 769 (base 16) to base 6.
12441
2a (base 14) to base 10
38
What is -43241 (base 6) in base 15?
-1b54
1d80 (base 15) to base 3
22210210
-85b2 (base 15) to base 16
-6e84
What is 2424 (base 5) in base 9?
444
Convert -13123 (base 5) to base 7.
-3012
Convert 1440 (base 11) to base 9.
2485
What is 232 (base 13) in base 15?
1a4
-8a07 (base 12) to base 11
-10523
Convert 12234 (base 5) to base 10.
944
Convert 101100010 (base 2) to base 14.
1b4
What is -24043 (base 7) in base 14?
-2393
Convert 2094 (base 10) to base 2.
100000101110
Convert 1500 (base 6) to base 15.
1b6
Convert 26230 (base 7) to base 5.
210404
What is 39b (base 13) in base 11?
528
Convert -41323 (base 7) to base 2.
-10011101111111
What is 2151 (base 6) in base 15?
234
-3d88 (base 16) to base 2
-11110110001000
Convert 145311 (base 6) to base 11.
a6a9
What is -226 (base 12) in base 3?
-102210
What is -1736 (base 11) in base 8?
-4251
What is -1743 (base 8) in base 16?
-3e3
Convert -11330 (base 4) to base 5.
-3010
1000002200 (base 3) to base 8
46453
40150 (base 9) to base 6
322030
Convert -11000010 (base 2) to base 7.
-365
-25a6 (base 15) to base 13
-386a
What is 75a (base 15) in base 11?
127a
What is 1a30 (base 16) in base 3?
100012022
264 (base 8) to base 10
180
What is 2aba (base 16) in base 3?
120000010
Convert 254 (base 10) to base 8.
376
Convert 11010110010111 (base 2) to base 13.
6324
Convert 20210 (base 4) to base 3.
202022
